 of 577 and 51869992.
577
Calculate the greatest common factor of 176170 and 3713.
79
What is the greatest common divisor of 33929 and 1773521?
37
Calculate the greatest common factor of 11520 and 49995.
45
What is the highest common factor of 63 and 68615799?
21
Calculate the highest common factor of 10071 and 132123687.
1119
What is the greatest common divisor of 1617 and 4984551?
33
What is the greatest common factor of 6369 and 2493909330?
6369
Calculate the greatest common divisor of 1188 and 11999394.
594
Calculate the highest common divisor of 78442182 and 104.
26
Calculate the greatest common factor of 2775 and 4837575.
75
What is the greatest common divisor of 110864 and 4153669?
533
Calculate the greatest common divisor of 2598705 and 129.
129
Calculate the highest common factor of 147147 and 24141.
39
What is the highest common factor of 1387323 and 10089?
171
Calculate the greatest common divisor of 50 and 4330650.
50
What is the highest common divisor of 278856 and 14157?
9
Calculate the greatest common factor of 8546 and 1588.
2
Calculate the greatest common divisor of 36615 and 363709.
2441
Calculate the highest common divisor of 244166 and 3548.
2
Calculate the highest common factor of 46103002 and 44.
22
What is the highest common divisor of 285625 and 200?
25
Calculate the greatest common divisor of 54 and 110861775.
9
What is the greatest common factor of 13524 and 284592?
588
What is the highest common divisor of 10285566 and 186?
6
Calculate the greatest common factor of 7693665 and 1974.
987
Calculate the greatest common divisor of 580103 and 775.
31
Calculate the highest common divisor of 3131968 and 40768.
448
Calculate the highest common divisor of 292875 and 1000.
125
What is the highest common divisor of 1908 and 140268?
12
What is the greatest common divisor of 13 and 277704947?
13
What is the highest common factor of 17623358 and 2378?
2378
What is the highest common divisor of 6399092 and 812?
28
What is the greatest common factor of 48251474 and 34?
34
What is the greatest common divisor of 721875 and 7755?
165
Calculate the greatest common divisor of 171720571 and 319.
319
Calculate the highest common factor of 242506 and 373725.
1661
What is the greatest common factor of 62229210 and 105?
15
Calculate the highest common divisor of 2003885 and 65.
65
What is the highest common factor of 83304 and 84683144?
9256
Calculate the greatest common divisor of 8970 and 24958050.
390
What is the greatest common divisor of 120928 and 15616?
32
What is the highest common factor of 680729639 and 2837?
2837
Calculate the greatest common divisor of 594826 and 502366.
3082
Calculate the highest common divisor of 117243 and 412461.
63
What is the greatest common divisor of 3900 and 109521360?
780
Calculate the greatest common divisor of 28480 and 82028096.
5696
Calculate the highest common divisor of 646 and 11757200.
646
What is the greatest common factor of 735273 and 23191?
7
What is the greatest common factor of 6660757 and 353?
353
What is the highest common divisor of 2216 and 37304?
8
What is the highest common divisor of 204 and 53005332?
12
What is the highest common divisor of 149120 and 66?
2
Calculate the highest common divisor of 97596 and 3438.
18
What is the greatest common divisor of 192596 and 7387?
89
What is the highest common divisor of 184519 and 105487?
37
What is the highest common divisor of 77755 and 277?
1
Calculate the highest common divisor of 19355301 and 2079.
189
What is the highest common divisor of 246543 and 1333?
31
Calculate the greatest common divisor of 1633295 and 20.
5
Calculate the highest common factor of 410 and 3776860.
10
Calculate the highest common divisor of 12810 and 137130.
210
Calculate the greatest common divisor of 3393814 and 23543.
1811
Calculate the greatest common factor of 100259 and 11770.
107
What is the greatest common divisor of 808605 and 2295?
765
Calculate the greatest common divisor of 399066 and 435840.
1362
What is the greatest common divisor of 2061837 and 180?
9
Calculate the highest common factor of 8511288 and 3519.
1173
What is the highest common factor of 2733021 and 2119?
163
Calculate the greatest common divisor of 18026910 and 10.
10
Calculate the highest common factor of 547 and 1436590476.
547
What is the highest common divisor of 43010 and 102569500?
1870
What is the greatest common factor of 26511510 and 8091?
2697
What is the highest common factor of 245363 and 1637002?
1873
Calculate the greatest common divisor of 38567 and 8.
1
Calculate the greatest common factor of 3248822 and 141599.
1591
What is the greatest common divisor of 200200 and 7899320?
5720
What is the greatest common factor of 4516203 and 6069?
867
What is the highest common divisor of 484 and 342619728?
484
Calculate the highest common divisor of 18720663 and 741.
39
What is the highest common divisor of 97794 and 21887746?
3622
What is the greatest common divisor of 1502 and 49835609?
751
Calculate the greatest common divisor of 12431565 and 10.
5
Calculate the greatest common divisor of 44031873 and 14136.
1767
What is the highest common factor of 149943893 and 15554?
1111
Calculate the greatest common divisor of 4507 and 1280.
1
What is the highest common factor of 1232605 and 196735?
4015
Calculate the greatest common factor of 41119198 and 6796.
3398
Calculate the greatest common divisor of 2342548 and 218348.
988
Calculate the highest common divisor of 460662210 and 1332.
666
Calculate the greatest common divisor of 54 and 158891598.
54
Calculate the highest common divisor of 8464 and 263.
1
What is the greatest common divisor of 24 and 29538132?
12
Calculate the highest common factor of 3749 and 3236528.
163
Calculate the highest common divisor of 79680 and 68475.
1245
What is the greatest common divisor of 8 and 1154221?
1
Calculate the greatest common factor of 761893 and 33.
11
What is the highest common factor of 963038 and 58404?
314
Calculate the highest common factor of 690 and 260250.
30
Calculate the greatest common divisor of 78 and 8767941.
39
Calculate the highest common divisor of 142830 and 46921242.
3174
What is the greatest common factor of 2886861 and 4168?
521
Calculate the highest common divisor of 3313102771 and 11.
11
Calculate the highest common divisor of 71536344 and 88.
88
Calculate the highest common divisor of 421588321 and 5566.
2783
Calculate the greatest common factor of 127006 and 1132934.
506
What is the highest common divisor of 72897 and 121935?
33
What is the greatest common factor of 24 and 25453014?
6
What is the highest common divisor of 11387 and 21803789?
193
What is the highest common divisor of 52 and 373137206?
26
What is the highest common factor of 325 and 67018075?
25
What is the highest common divisor of 109 and 19090369?
109
Calculate the highest common factor of 104 and 10468796.
52
Calculate the highest common factor of 35465188 and 220.
44
Calculate the highest common divisor of 1002510 and 35814.
282
What is the greatest common factor of 24820906 and 88?
22
What is the greatest common divisor of 285570 and 870?
30
What is the highest common divisor of 2221450 and 9050?
50
Calculate the greatest common factor of 1343 and 93785719.
1343
Calculate the greatest common divisor of 28660 and 20480.
20
Calculate the highest common factor of 145791268 and 833.
49
What is the highest common divisor of 118364050 and 3325?
175
What is the highest common divisor of 71264 and 186976?
32
What is the greatest common divisor of 11723740 and 322420?
6860
What is the greatest common factor of 944 and 4363522?
118
Calculate the greatest common divisor of 118581360 and 71.
71
What is the greatest common divisor of 3737000 and 26825?
925
Calculate the greatest common factor of 380 and 61805252.
76
Calculate the greatest common factor of 80352 and 246016.
992
Calculate the highest common divisor of 115 and 55544471.
23
What is the highest common factor of 278 and 133030506?
278
What is the greatest common factor of 11577 and 1428?
51
Calculate the greatest common factor of 765372654 and 18.
18
Calculate the highest common divisor of 33855296 and 6528.
1088
What is the greatest common divisor of 6 and 484583562?
6
Calculate the highest commo